llions digit of 4297576410?
4
What is the tens digit of 1396032719?
1
What is the tens digit of 10651927?
2
What is the tens digit of 593933312?
1
What is the tens digit of 105595354?
5
What is the hundred thousands digit of 59653721?
6
What is the tens digit of 15186316?
1
What is the units digit of 39688812?
2
What is the thousands digit of 2366187620?
7
What is the millions digit of 858898681?
8
What is the units digit of 29776077?
7
What is the tens digit of 3185425750?
5
What is the ten millions digit of 411924498?
1
What is the millions digit of 421347209?
1
What is the hundreds digit of 5469745?
7
What is the hundred thousands digit of 75077063?
0
What is the hundred thousands digit of 21843638?
8
What is the ten millions digit of 26437835?
2
What is the ten millions digit of 719616202?
1
What is the tens digit of 99972735?
3
What is the thousands digit of 72842157?
2
What is the hundreds digit of 20153660?
6
What is the hundred millions digit of 4347349269?
3
What is the units digit of 96284736?
6
What is the millions digit of 21045816?
1
What is the units digit of 296098380?
0
What is the millions digit of 98025886?
8
What is the millions digit of 29943823?
9
What is the millions digit of 1240703?
1
What is the millions digit of 7518649242?
8
What is the ten millions digit of 5427018014?
2
What is the ten thousands digit of 70214526?
1
What is the tens digit of 231667560?
6
What is the ten thousands digit of 21347100?
4
What is the hundred thousands digit of 286469160?
4
What is the hundred millions digit of 1092670909?
0
What is the tens digit of 81548564?
6
What is the ten thousands digit of 17300838?
0
What is the tens digit of 12138221?
2
What is the ten millions digit of 161384555?
6
What is the units digit of 40247313?
3
What is the ten millions digit of 131806022?
3
What is the thousands digit of 249901431?
1
What is the hundred millions digit of 3079808776?
0
What is the hundreds digit of 16531205?
2
What is the millions digit of 82837838?
2
What is the units digit of 18265251?
1
What is the thousands digit of 37599702?
9
What is the ten millions digit of 101878306?
0
What is the thousands digit of 9043732608?
2
What is the hundred thousands digit of 57001793?
0
What is the ten thousands digit of 914282405?
8
What is the thousands digit of 2273105204?
5
What is the ten millions digit of 481537278?
8
What is the hundred millions digit of 187472244?
1
What is the thousands digit of 233989503?
9
What is the tens digit of 41720087?
8
What is the tens digit of 3526128928?
2
What is the hundred thousands digit of 1013378316?
3
What is the ten millions digit of 560283795?
6
What is the hundreds digit of 30308212?
2
What is the units digit of 104233347?
7
What is the hundreds digit of 590909862?
8
What is the hundred thousands digit of 44653653?
6
What is the ten thousands digit of 549835543?
3
What is the hundred thousands digit of 3389956501?
9
What is the ten thousands digit of 232727996?
2
What is the ten millions digit of 35126143?
3
What is the hundred thousands digit of 1438183933?
1
What is the ten thousands digit of 15597910?
9
What is the hundred millions digit of 247364541?
2
What is the thousands digit of 44292317?
2
What is the millions digit of 55131705?
5
What is the hundreds digit of 134460507?
5
What is the hundred millions digit of 1862946660?
8
What is the ten millions digit of 41297286?
4
What is the thousands digit of 88648458?
8
What is the ten thousands digit of 741490279?
9
What is the tens digit of 573425202?
0
What is the hundreds digit of 1640469673?
6
What is the ten millions digit of 62401740?
6
What is the tens digit of 53292603?
0
What is the tens digit of 40252767?
6
What is the hundred millions digit of 127414508?
1
What is the thousands digit of 972513107?
3
What is the hundred millions digit of 8446082553?
4
What is the hundreds digit of 71691626?
6
What is the hundreds digit of 1674977913?
9
What is the millions digit of 2726800123?
6
What is the tens digit of 295253732?
3
What is the tens digit of 2475460?
6
What is the hundred thousands digit of 1056637893?
6
What is the hundreds digit of 5375276?
2
What is the ten millions digit of 438964978?
3
What is the hundreds digit of 3348927076?
0
What is the millions digit of 99188148?
9
What is the thousands digit of 320959686?
9
What is the millions digit of 186432855?
6
What is the thousands digit of 74760681?
0
What is the units digit of 417329750?
0
What is the hundred thousands digit of 961398959?
3
What is the units digit of 19194856?
6
What is the thousands digit of 13627044?
7
What is the hundred thousands digit of 3249026767?
0
What is the tens digit of 44859256?
5
What is the millions digit of 9999193?
9
What is the millions digit of 3886597631?
6
What is the millions digit of 411250607?
1
What is the hundred thousands digit of 63865509?
8
What is the hundred thousands digit of 1432200400?
2
What is the ten millions digit of 451168351?
5
What is the hundred thousands digit of 7385801760?
8
What is the hundreds digit of 894522?
5
What is the tens digit of 954072973?
7
What is the hundred thousands digit of 27872764?
8
What is the hundreds digit of 5258495406?
4
What is the hundred thousands digit of 1352164424?
1
What is the hundred thousands digit of 6889608381?
6
What is the hundreds digit of 22599462?
4
What is the units digit of 16300679?
9
What is the ten millions digit of 257615368?
5
What is the thousands digit of 79131443?
1
What is the thousands digit of 13931208?
1
What is the hundred thousands digit of 710075577?
0
What is the hundreds digit of 2037353959?
9
What is the hundred thousands digit of 687385174?
3
What is the thousands digit of 297208568?
8
What is the ten millions digit of 2927818669?
2
What is the ten thousands digit of 68860999?
6
What is the hundred thousands digit of 122583336?
5
What is the hundred thousands digit of 1161033272?
0
What is the thousands digit of 29974364?
4
What is the ten thousands digit of 1117779154?
7
What is the hundred thousands digit of 1192013341?
0
What is the tens digit of 4028553634?
3
What is the hundred millions digit of 2435643486?
4
What is the ten thousands digit of 2497450087?
5
What is the hundred millions digit of 240474345?
2
What is the units digit of 12201111?
1
What is the ten millions digit of 76308971?
7
What is the millions digit of 26970828?
6
What is the ten thousands digit of 43029649?
2
What is the ten thousands digit of 50499657?
9
What is the ten thousands digit of 180600529?
0
What is the units digit of 847094712?
2
What is the tens digit of 5427147449?
4
What is the ten millions digit of 1212496418?
1
What is the thousands digit of 274138012?
8
What is the ten millions digit of 292154376?
9
What is the thousands digit of 65220771?
0
What is the billions digit of 3247342565?
3
What is the hundred thousands digit of 294632871?
6
What is the hundreds digit of 2437288553?
5
What is the hundred thousands digit of 570128659?
1
What is the hundreds digit of 37377963?
9
What is the tens digit of 584037561?
6
What is the units digit of 1106111564?
4
What is the ten millions digit of 126877550?
2
What is the thousands digit of 4459723131?
3
What is the tens digit of 465720377?
7
What is the ten millions digit of 3699413692?
9
What is the tens digit of 4674065?
6
What is the ten thousands digit of 1927595382?
9
What is the ten millions digit of 27423793?
2
What is the thousands digit of 173219603?
9
What is the hundreds digit of 306989378?
3
What is the tens digit of 68420024?
2
What is the units digit of 166758978?
8
What is the ten millions digit of 620376740?
2
What is the thousands digit of 83571489?
1
What is the hundred thousands digit of 100220544?
2
What is the thousands digit of 77474938?
4
What is the ten thousands digit of 46519310?
1
What is the hundred thousands digit of 47390161?
3
What is the hundred thousands digit of 2072725492?
7
What is the hundred thousands digit of 1954808879?
8
What is the billions digit of 4061304645?
4
What is the millions digit of 1306298772?
6
What is the hundred thousands digit of 31530085?
5
What is the thousands digit of 133022658?
2
What is the tens digit of 2091257448?
4
What is the hundred millions digit of 325334625?
3
What 